{"id":26,"date":"2025-09-16T15:11:37","date_gmt":"2025-09-16T15:11:37","guid":{"rendered":"http:\/\/www.rewidentwerynski.pl\/?page_id=26"},"modified":"2025-09-17T21:32:25","modified_gmt":"2025-09-17T21:32:25","slug":"oferta","status":"publish","type":"page","link":"https:\/\/www.rewidentwerynski.pl\/index.php\/oferta\/","title":{"rendered":"Oferta"},"content":{"rendered":"\n<h2 class=\"wp-block-heading alignwide\"><\/h2>\n\n\n\n<div class=\"wp-block-columns alignwide is-layout-flex wp-container-core-columns-is-layout-28f84493 wp-block-columns-is-layout-flex\">\n<div class=\"wp-block-column is-layout-flow wp-block-column-is-layout-flow\">\n<figure class=\"wp-block-image size-full\" style=\"margin-bottom:24px\"><img loading=\"lazy\" decoding=\"async\" width=\"2560\" height=\"1703\" src=\"http:\/\/www.rewidentwerynski.pl\/wp-content\/uploads\/2025\/09\/CZARNOBIALE-scaled.jpg\" alt=\"\" class=\"wp-image-43\" style=\"aspect-ratio:4\/3;object-fit:cover\" srcset=\"https:\/\/www.rewidentwerynski.pl\/wp-content\/uploads\/2025\/09\/CZARNOBIALE-scaled.jpg 2560w, https:\/\/www.rewidentwerynski.pl\/wp-content\/uploads\/2025\/09\/CZARNOBIALE-300x200.jpg 300w, https:\/\/www.rewidentwerynski.pl\/wp-content\/uploads\/2025\/09\/CZARNOBIALE-1024x681.jpg 1024w, https:\/\/www.rewidentwerynski.pl\/wp-content\/uploads\/2025\/09\/CZARNOBIALE-768x511.jpg 768w, https:\/\/www.rewidentwerynski.pl\/wp-content\/uploads\/2025\/09\/CZARNOBIALE-1536x1022.jpg 1536w, https:\/\/www.rewidentwerynski.pl\/wp-content\/uploads\/2025\/09\/CZARNOBIALE-2048x1363.jpg 2048w\" sizes=\"auto, (max-width: 2560px) 100vw, 2560px\" \/><\/figure>\n\n\n\n<h3 class=\"wp-block-heading\">Badanie i Przegl\u0105dy<br>Sprawozda\u0144 Finansowych<\/h3>\n\n\n\n<p class=\"has-text-align-center has-small-font-size\">Audyt<\/p>\n\n\n\n<p class=\"has-text-align-center has-small-font-size\">Weryfikacja jednostkowych i skonsolidowanych sprawozda\u0144 finansowych sporz\u0105dzonych zgodnie z Ustaw\u0105 o rachunkowo\u015bci oraz Mi\u0119dzynarodowymi Standardami Sprawozdawczo\u015bci Finansowej (MSSF)<\/p>\n\n\n\n<p class=\"has-text-align-center has-small-font-size\">Analiza plan\u00f3w dotycz\u0105cych \u0142\u0105czenia, podzia\u0142u i przekszta\u0142ce\u0144 sp\u00f3\u0142ek<\/p>\n\n\n\n<p class=\"has-text-align-center has-small-font-size\">Ocena sprawozda\u0144 za\u0142o\u017cycieli sp\u00f3\u0142ek akcyjnych<\/p>\n\n\n\n<p class=\"has-text-align-center has-small-font-size\">Badanie pakiet\u00f3w raportowych przygotowywanych zgodnie z MSSF, US GAAP lub wewn\u0119trznymi zasadami rachunkowo\u015bci grup kapita\u0142owych<\/p>\n\n\n\n<p class=\"has-text-align-center has-small-font-size\">Przegl\u0105dy realizowane w oparciu o uzgodnione procedury (AUP \u2013 Agreed Upon Procedures)<\/p>\n\n\n\n<p class=\"has-text-align-center has-small-font-size\">Weryfikacja rozlicze\u0144 projekt\u00f3w finansowanych ze \u015brodk\u00f3w unijnych, dotacji oraz grant\u00f3w<\/p>\n\n\n\n<p class=\"has-text-align-center has-small-font-size\">\u015awiadczenie innych us\u0142ug atestacyjnych zgodnych z przepisami i potrzebami klienta<br><\/p>\n\n\n\n<p class=\"has-text-align-center has-medium-font-size\"><\/p>\n\n\n\n<figure class=\"wp-block-image size-full\" style=\"margin-bottom:24px\"><img loading=\"lazy\" decoding=\"async\" width=\"2560\" height=\"1703\" src=\"http:\/\/www.rewidentwerynski.pl\/wp-content\/uploads\/2025\/09\/CZARNOBIALE-3-scaled.jpg\" alt=\"\" class=\"wp-image-48\" style=\"aspect-ratio:4\/3;object-fit:cover\" srcset=\"https:\/\/www.rewidentwerynski.pl\/wp-content\/uploads\/2025\/09\/CZARNOBIALE-3-scaled.jpg 2560w, https:\/\/www.rewidentwerynski.pl\/wp-content\/uploads\/2025\/09\/CZARNOBIALE-3-300x200.jpg 300w, https:\/\/www.rewidentwerynski.pl\/wp-content\/uploads\/2025\/09\/CZARNOBIALE-3-1024x681.jpg 1024w, https:\/\/www.rewidentwerynski.pl\/wp-content\/uploads\/2025\/09\/CZARNOBIALE-3-768x511.jpg 768w, https:\/\/www.rewidentwerynski.pl\/wp-content\/uploads\/2025\/09\/CZARNOBIALE-3-1536x1022.jpg 1536w, https:\/\/www.rewidentwerynski.pl\/wp-content\/uploads\/2025\/09\/CZARNOBIALE-3-2048x1363.jpg 2048w\" sizes=\"auto, (max-width: 2560px) 100vw, 2560px\" \/><\/figure>\n\n\n\n<h3 class=\"wp-block-heading\">Sporz\u0105dzanie sprawozda\u0144 finansowych oraz pakiet\u00f3w konsolidacyjnych<\/h3>\n\n\n\n<p class=\"has-text-align-center has-small-font-size\">Przygotowywanie sprawozda\u0144 finansowych oraz pakiet\u00f3w konsolidacyjnych<\/p>\n\n\n\n<p class=\"has-text-align-center has-small-font-size\">Tworzenie i wdra\u017canie zasad (polityk) rachunkowo\u015bci<\/p>\n\n\n\n<p class=\"has-text-align-center has-small-font-size\">Wsparcie przy sporz\u0105dzaniu sprawozda\u0144 finansowych \u2013 w tym ocena zakresu wymaganych ujawnie\u0144, ich opracowanie oraz doradztwo techniczne<\/p>\n\n\n\n<p class=\"has-text-align-center has-small-font-size\">Pomoc przy opracowywaniu pakiet\u00f3w raportowych dla sp\u00f3\u0142ki dominuj\u0105cej i grupy kapita\u0142owej<\/p>\n\n\n\n<p class=\"has-medium-font-size\"><\/p>\n<\/div>\n\n\n\n<div class=\"wp-block-column is-layout-flow wp-block-column-is-layout-flow\">\n<figure class=\"wp-block-image size-full\" style=\"margin-bottom:24px\"><img loading=\"lazy\" decoding=\"async\" width=\"2560\" height=\"1703\" src=\"http:\/\/www.rewidentwerynski.pl\/wp-content\/uploads\/2025\/09\/CZARNOBIALE-2-scaled.jpg\" alt=\"\" class=\"wp-image-47\" style=\"aspect-ratio:4\/3;object-fit:cover\" srcset=\"https:\/\/www.rewidentwerynski.pl\/wp-content\/uploads\/2025\/09\/CZARNOBIALE-2-scaled.jpg 2560w, https:\/\/www.rewidentwerynski.pl\/wp-content\/uploads\/2025\/09\/CZARNOBIALE-2-300x200.jpg 300w, https:\/\/www.rewidentwerynski.pl\/wp-content\/uploads\/2025\/09\/CZARNOBIALE-2-1024x681.jpg 1024w, https:\/\/www.rewidentwerynski.pl\/wp-content\/uploads\/2025\/09\/CZARNOBIALE-2-768x511.jpg 768w, https:\/\/www.rewidentwerynski.pl\/wp-content\/uploads\/2025\/09\/CZARNOBIALE-2-1536x1022.jpg 1536w, https:\/\/www.rewidentwerynski.pl\/wp-content\/uploads\/2025\/09\/CZARNOBIALE-2-2048x1363.jpg 2048w\" sizes=\"auto, (max-width: 2560px) 100vw, 2560px\" \/><\/figure>\n\n\n\n<h3 class=\"wp-block-heading\">Doradztwo finansowo-ksi\u0119gowe<\/h3>\n\n\n\n<p class=\"has-text-align-center has-small-font-size\">Sporz\u0105dzanie analiz oraz opinii w zakresie zagadnie\u0144 ekonomiczno-finansowych<\/p>\n\n\n\n<p class=\"has-text-align-center has-small-font-size\">Doradztwo przy projektowaniu system\u00f3w ewidencji ksi\u0119gowej i raportowania finansowego<\/p>\n\n\n\n<p class=\"has-text-align-center has-small-font-size\">Opracowywanie zak\u0142adowych plan\u00f3w kont oraz zasad polityki rachunkowo\u015bci<\/p>\n\n\n\n<p class=\"has-text-align-center has-small-font-size\">Wsparcie ksi\u0119gowe w procesie wdra\u017cania Mi\u0119dzynarodowych Standard\u00f3w Sprawozdawczo\u015bci Finansowej (MSSF)<\/p>\n\n\n\n<p class=\"has-text-align-center has-small-font-size\">Konsultacje w zakresie sprawozdawczo\u015bci finansowej, stosowania zasad rachunkowo\u015bci i system\u00f3w kontroli wewn\u0119trznej<\/p>\n<\/div>\n<\/div>\n\n\n\n<div class=\"wp-block-columns alignwide is-layout-flex wp-container-core-columns-is-layout-28f84493 wp-block-columns-is-layout-flex\">\n<div class=\"wp-block-column is-layout-flow wp-block-column-is-layout-flow\">\n<figure class=\"wp-block-image size-full\" style=\"margin-bottom:24px\"><img loading=\"lazy\" decoding=\"async\" width=\"2560\" height=\"1703\" src=\"http:\/\/www.rewidentwerynski.pl\/wp-content\/uploads\/2025\/09\/CZARNOBIALE-4-scaled.jpg\" alt=\"\" class=\"wp-image-49\" style=\"aspect-ratio:4\/3;object-fit:cover\" srcset=\"https:\/\/www.rewidentwerynski.pl\/wp-content\/uploads\/2025\/09\/CZARNOBIALE-4-scaled.jpg 2560w, https:\/\/www.rewidentwerynski.pl\/wp-content\/uploads\/2025\/09\/CZARNOBIALE-4-300x200.jpg 300w, https:\/\/www.rewidentwerynski.pl\/wp-content\/uploads\/2025\/09\/CZARNOBIALE-4-1024x681.jpg 1024w, https:\/\/www.rewidentwerynski.pl\/wp-content\/uploads\/2025\/09\/CZARNOBIALE-4-768x511.jpg 768w, https:\/\/www.rewidentwerynski.pl\/wp-content\/uploads\/2025\/09\/CZARNOBIALE-4-1536x1022.jpg 1536w, https:\/\/www.rewidentwerynski.pl\/wp-content\/uploads\/2025\/09\/CZARNOBIALE-4-2048x1363.jpg 2048w\" sizes=\"auto, (max-width: 2560px) 100vw, 2560px\" \/><\/figure>\n\n\n\n<h3 class=\"wp-block-heading\">Us\u0142ugi doradztwa transakcyjnego<\/h3>\n\n\n\n<p class=\"has-text-align-center has-small-font-size\">Podatkowa i finansowa analiza due diligence na rzecz nabywcy<\/p>\n\n\n\n<p class=\"has-text-align-center has-small-font-size\">Przegl\u0105d oraz ocena NOI (Net Operating Income) dla nieruchomo\u015bci inwestycyjnych \u2013 due diligence dla firm z bran\u017cy nieruchomo\u015bciowej, obejmuj\u0105ce analiz\u0119, weryfikacj\u0119 i estymacj\u0119 przychod\u00f3w operacyjnych netto<\/p>\n\n\n\n<p class=\"has-text-align-center has-small-font-size\">Vendor due diligence \u2013 przegl\u0105d podatkowo-finansowy przygotowywany na potrzeby sprzedaj\u0105cego<\/p>\n\n\n\n<p class=\"has-text-align-center has-small-font-size\">Wycena firm (pojedynczych sp\u00f3\u0142ek, grup kapita\u0142owych lub wydzielonych jednostek biznesowych) \u2013 niezale\u017cne okre\u015blenie warto\u015bci godziwej do cel\u00f3w transakcyjnych, zarz\u0105dczych, sprawozdawczych, podatkowych lub na potrzeby instytucji finansuj\u0105cych<\/p>\n\n\n\n<p class=\"has-text-align-center has-small-font-size\">Doradztwo i wsparcie w procesach zwi\u0105zanych z wej\u015bciem sp\u00f3\u0142ki na gie\u0142d\u0119 (IPO)<\/p>\n\n\n\n<p class=\"has-small-font-size\"><\/p>\n<\/div>\n\n\n\n<div class=\"wp-block-column is-layout-flow wp-block-column-is-layout-flow\">\n<figure class=\"wp-block-image size-full\" style=\"margin-bottom:24px\"><img loading=\"lazy\" decoding=\"async\" width=\"2560\" height=\"1703\" src=\"http:\/\/www.rewidentwerynski.pl\/wp-content\/uploads\/2025\/09\/CZARNOBIALE-5-scaled.jpg\" alt=\"\" class=\"wp-image-50\" style=\"aspect-ratio:4\/3;object-fit:cover\" srcset=\"https:\/\/www.rewidentwerynski.pl\/wp-content\/uploads\/2025\/09\/CZARNOBIALE-5-scaled.jpg 2560w, https:\/\/www.rewidentwerynski.pl\/wp-content\/uploads\/2025\/09\/CZARNOBIALE-5-300x200.jpg 300w, https:\/\/www.rewidentwerynski.pl\/wp-content\/uploads\/2025\/09\/CZARNOBIALE-5-1024x681.jpg 1024w, https:\/\/www.rewidentwerynski.pl\/wp-content\/uploads\/2025\/09\/CZARNOBIALE-5-768x511.jpg 768w, https:\/\/www.rewidentwerynski.pl\/wp-content\/uploads\/2025\/09\/CZARNOBIALE-5-1536x1022.jpg 1536w, https:\/\/www.rewidentwerynski.pl\/wp-content\/uploads\/2025\/09\/CZARNOBIALE-5-2048x1363.jpg 2048w\" sizes=\"auto, (max-width: 2560px) 100vw, 2560px\" \/><\/figure>\n\n\n\n<h3 class=\"wp-block-heading\">Ksi\u0119gowo\u015b\u0107 oraz Kadry i p\u0142ace<\/h3>\n\n\n\n<p class=\"has-text-align-center has-small-font-size\"><strong>Pe\u0142na ksi\u0119gowo\u015b\u0107 (ksi\u0119gi rachunkowe)<\/strong><\/p>\n\n\n\n<p class=\"has-text-align-center has-small-font-size\"><strong>Uproszczona ksi\u0119gowo\u015b\u0107&nbsp;(Ksi\u0119ga przychod\u00f3w i rozchod\u00f3w)<\/strong><\/p>\n\n\n\n<p class=\"has-text-align-center has-small-font-size\"><strong>Kadry i p\u0142ace<\/strong><\/p>\n<\/div>\n<\/div>\n","protected":false},"excerpt":{"rendered":"<p>Badanie i Przegl\u0105dySprawozda\u0144 Finansowych Audyt Weryfikacja jednostkowych i skonsolidowanych sprawozda\u0144 finansowych sporz\u0105dzonych zgodnie z Ustaw\u0105 o rachunkowo\u015bci oraz Mi\u0119dzynarodowymi Standardami Sprawozdawczo\u015bci Finansowej (MSSF) Analiza plan\u00f3w dotycz\u0105cych \u0142\u0105czenia, podzia\u0142u i przekszta\u0142ce\u0144 sp\u00f3\u0142ek Ocena sprawozda\u0144 za\u0142o\u017cycieli sp\u00f3\u0142ek akcyjnych Badanie pakiet\u00f3w raportowych przygotowywanych zgodnie z MSSF, US GAAP lub wewn\u0119trznymi zasadami rachunkowo\u015bci grup kapita\u0142owych Przegl\u0105dy realizowane w oparciu o uzgodnione procedury (AUP \u2013 Agreed Upon Procedures) Weryfikacja rozlicze\u0144 projekt\u00f3w finansowanych ze \u015brodk\u00f3w unijnych, dotacji oraz grant\u00f3w \u015awiadczenie innych us\u0142ug atestacyjnych zgodnych z przepisami i potrzebami klienta Sporz\u0105dzanie sprawozda\u0144 finansowych oraz pakiet\u00f3w konsolidacyjnych Przygotowywanie sprawozda\u0144 finansowych oraz pakiet\u00f3w konsolidacyjnych Tworzenie i wdra\u017canie zasad (polityk) rachunkowo\u015bci Wsparcie przy sporz\u0105dzaniu sprawozda\u0144 finansowych \u2013 w tym ocena zakresu wymaganych ujawnie\u0144, ich opracowanie oraz doradztwo techniczne Pomoc przy opracowywaniu pakiet\u00f3w raportowych dla sp\u00f3\u0142ki dominuj\u0105cej i grupy kapita\u0142owej Doradztwo finansowo-ksi\u0119gowe Sporz\u0105dzanie analiz oraz opinii w zakresie zagadnie\u0144 ekonomiczno-finansowych Doradztwo przy projektowaniu system\u00f3w ewidencji ksi\u0119gowej i raportowania finansowego Opracowywanie zak\u0142adowych plan\u00f3w kont oraz zasad polityki rachunkowo\u015bci Wsparcie ksi\u0119gowe w procesie wdra\u017cania Mi\u0119dzynarodowych Standard\u00f3w Sprawozdawczo\u015bci Finansowej (MSSF) Konsultacje w zakresie sprawozdawczo\u015bci finansowej, stosowania zasad rachunkowo\u015bci i system\u00f3w kontroli wewn\u0119trznej Us\u0142ugi doradztwa transakcyjnego Podatkowa i finansowa analiza due diligence na rzecz nabywcy Przegl\u0105d oraz ocena NOI (Net Operating Income) dla nieruchomo\u015bci inwestycyjnych \u2013 due diligence dla firm z bran\u017cy nieruchomo\u015bciowej, obejmuj\u0105ce analiz\u0119, weryfikacj\u0119 i estymacj\u0119 przychod\u00f3w operacyjnych netto Vendor due diligence \u2013 przegl\u0105d podatkowo-finansowy przygotowywany na potrzeby sprzedaj\u0105cego Wycena firm (pojedynczych sp\u00f3\u0142ek, grup kapita\u0142owych lub wydzielonych jednostek biznesowych) \u2013 niezale\u017cne okre\u015blenie warto\u015bci godziwej do cel\u00f3w transakcyjnych, zarz\u0105dczych, sprawozdawczych, podatkowych lub na potrzeby instytucji finansuj\u0105cych Doradztwo i wsparcie w procesach zwi\u0105zanych z wej\u015bciem sp\u00f3\u0142ki na gie\u0142d\u0119 (IPO) Ksi\u0119gowo\u015b\u0107 oraz Kadry i p\u0142ace Pe\u0142na ksi\u0119gowo\u015b\u0107 (ksi\u0119gi rachunkowe) Uproszczona ksi\u0119gowo\u015b\u0107&nbsp;(Ksi\u0119ga przychod\u00f3w i rozchod\u00f3w) Kadry i p\u0142ace<\/p>\n","protected":false},"author":1,"featured_media":0,"parent":0,"menu_order":0,"comment_status":"closed","ping_status":"closed","template":"","meta":{"footnotes":""},"class_list":["post-26","page","type-page","status-publish","hentry"],"_links":{"self":[{"href":"https:\/\/www.rewidentwerynski.pl\/index.php\/wp-json\/wp\/v2\/pages\/26","targetHints":{"allow":["GET"]}}],"collection":[{"href":"https:\/\/www.rewidentwerynski.pl\/index.php\/wp-json\/wp\/v2\/pages"}],"about":[{"href":"https:\/\/www.rewidentwerynski.pl\/index.php\/wp-json\/wp\/v2\/types\/page"}],"author":[{"embeddable":true,"href":"https:\/\/www.rewidentwerynski.pl\/index.php\/wp-json\/wp\/v2\/users\/1"}],"replies":[{"embeddable":true,"href":"https:\/\/www.rewidentwerynski.pl\/index.php\/wp-json\/wp\/v2\/comments?post=26"}],"version-history":[{"count":4,"href":"https:\/\/www.rewidentwerynski.pl\/index.php\/wp-json\/wp\/v2\/pages\/26\/revisions"}],"predecessor-version":[{"id":119,"href":"https:\/\/www.rewidentwerynski.pl\/index.php\/wp-json\/wp\/v2\/pages\/26\/revisions\/119"}],"wp:attachment":[{"href":"https:\/\/www.rewidentwerynski.pl\/index.php\/wp-json\/wp\/v2\/media?parent=26"}],"curies":[{"name":"wp","href":"https:\/\/api.w.org\/{rel}","templated":true}]}}